, 13913
What are the prime factors of 33919078?
2, 16959539
What are the prime factors of 3250815796?
2, 139, 5846791
What are the prime factors of 565812869?
6763, 83663
What are the prime factors of 1729929896?
2, 3433, 62989
What are the prime factors of 75754220?
2, 5, 67, 56533
What are the prime factors of 151610289?
3, 29, 1742647
What are the prime factors of 255371326?
2, 7, 547, 33347
What are the prime factors of 3395691503?
17, 23, 53, 163861
List the prime factors of 3331762808.
2, 11, 43, 880487
What are the prime factors of 52300174?
2, 41, 571, 1117
List the prime factors of 34668848.
2, 17, 197, 647
What are the prime factors of 2152706774?
2, 31, 2579, 13463
List the prime factors of 1060817556.
2, 3, 5861, 15083
What are the prime factors of 3351943?
7, 67, 1021
What are the prime factors of 1279916627?
11, 19, 23, 266261
What are the prime factors of 14348424?
2, 3, 739, 809
List the prime factors of 7965622.
2, 7, 17, 33469
List the prime factors of 56033173.
7, 17, 470867
What are the prime factors of 408974572?
2, 113, 904811
List the prime factors of 189610303.
189610303
What are the prime factors of 520980301?
53, 431, 22807
List the prime factors of 55294527.
3, 41, 449549
List the prime factors of 279476354.
2, 3163, 44179
What are the prime factors of 15417839?
67, 230117
List the prime factors of 150774739.
79, 149, 12809
What are the prime factors of 84954050?
2, 5, 29, 41, 1429
List the prime factors of 22783232.
2, 88997
What are the prime factors of 160190902?
2, 1153, 69467
What are the prime factors of 45572981?
45572981
What are the prime factors of 706590221?
19, 37, 1005107
What are the prime factors of 26216895?
3, 5, 23, 75991
What are the prime factors of 624368768?
2, 31, 157351
What are the prime factors of 498419491?
29, 89, 6659
List the prime factors of 41974495.
5, 67, 107, 1171
What are the prime factors of 62990172?
2, 3, 7, 181, 1381
What are the prime factors of 215999690?
2, 5, 691, 31259
What are the prime factors of 32774000?
2, 5, 7, 2341
List the prime factors of 224710523.
79, 2844437
What are the prime factors of 41508562?
2, 20754281
List the prime factors of 152601284.
2, 11, 1549, 2239
What are the prime factors of 3372520431?
3, 7, 160596211
List the prime factors of 116864415.
3, 5, 67, 83, 467
List the prime factors of 4081778865.
3, 5, 30235399
What are the prime factors of 159391332?
2, 3, 59, 101, 743
What are the prime factors of 95659441?
79, 1210879
List the prime factors of 14941163.
19, 31, 25367
What are the prime factors of 751785404?
2, 211, 619, 1439
What are the prime factors of 41647964?
2, 41, 253951
List the prime factors of 1902658231.
13879, 137089
List the prime factors of 51374906.
2, 11, 212293
What are the prime factors of 8113560?
2, 3, 5, 7, 13, 743
What are the prime factors of 2124231553?
79, 26889007
What are the prime factors of 388812855?
3, 5, 107, 157, 1543
What are the prime factors of 31494456?
2, 3, 7, 79, 113
What are the prime factors of 999681082?
2, 10061, 49681
List the prime factors of 7137416.
2, 11, 13, 17, 367
What are the prime factors of 2134020073?
2134020073
List the prime factors of 2485812305.
5, 227, 2190143
List the prime factors of 37530157.
7, 5361451
List the prime factors of 76174193.
76174193
What are the prime factors of 637722290?
2, 5, 613, 104033
What are the prime factors of 593570445?
3, 5, 13, 3043951
List the prime factors of 106791121.
59, 103, 17573
List the prime factors of 21820636.
2, 181, 30139
What are the prime factors of 96289552?
2, 53, 271, 419
List the prime factors of 7128761.
7128761
What are the prime factors of 1168364333?
433, 1277, 2113
List the prime factors of 102803426.
2, 11, 4672883
What are the prime factors of 2971138?
2, 103, 14423
List the prime factors of 725366618.
2, 29, 557, 22453
List the prime factors of 40873146.
2, 3, 41, 166151
What are the prime factors of 31513661?
31513661
List the prime factors of 762544931.
762544931
What are the prime factors of 442842227?
442842227
What are the prime factors of 1038813788?
2, 259703447
What are the prime factors of 246800403?
3, 2659, 10313
What are the prime factors of 538665811?
59, 9129929
What are the prime factors of 1960972029?
3, 179, 449, 2711
List the prime factors of 4040581460.
2, 5, 202029073
What are the prime factors of 46942003?
149, 315047
What are the prime factors of 509306595?
3, 5, 7, 23, 31, 6803
List the prime factors of 6196688180.
2, 5, 6379, 48571
What are the prime factors of 1157573523?
3, 385857841
What are the prime factors of 1749099412?
2, 19571, 22343
List the prime factors of 9770048.
2, 152657
List the prime factors of 50136489.
3, 13, 59, 269
List the prime factors of 1517148414.
2, 3, 28095341
List the prime factors of 36130528.
2, 7, 101, 1597
What are the prime factors of 715492937?
19, 1103, 34141
List the prime factors of 428397787.
428397787
What are the prime factors of 3935480?
2, 5, 98387
List the prime factors of 3418018772.
2, 7, 122072099
List the prime factors of 5037776714.
2, 43, 59, 992861
What are the prime factors of 249079977?
3, 353, 78401
What are the prime factors of 361533645?
3, 5, 11, 17, 14321
List the prime factors of 451020564.
2, 3, 12528349
List the prime factors of 134451836.
2, 23, 31, 47143
List the prime factors of 253405636.
2, 11, 5759219
List the prime factors of 4613265143.
4759, 969377
What are the prime factors of 1514109315?
3, 5, 100940621
List the prime factors of 19385595.
3, 5, 37, 3881
What are the prime factors of 540870680?
2, 5, 7, 1931681
List the prime factors of 24668183.
29, 41, 20747
List the prime factors of 1639280029.
17, 9091, 10607
What are the prime factors of 68102804?
2, 7, 11, 41, 5393
List the prime factors of 177430630.
2, 5, 13, 439, 3109
List the prime factors of 172450295.
5, 17, 67, 107, 283
List the prime factors of 2236107290.
2, 5, 491, 455419
What are the prime factors of 605275562?
2, 191, 1584491
List the prime factors of 9558086.
2, 67, 71329
What are the prime factors of 1290175781?
17, 79, 960667
What are the prime factors of 392717707?
19, 3529, 5857
List the prime factors of 81221752.
2, 157, 64667
List the prime factors of 206296581.
3, 17, 277, 859
List the prime factors of 301793501.
53, 5694217
List the prime factors of 772173790.
2, 5, 43, 89, 20177
What are the prime factors of 60787650?
2, 3, 5, 7, 11, 19, 277
What are the prime factors of 1894367716?
2, 19, 31, 101, 419
What are the prime factors of 6122705774?
2, 367, 8341561
What are the prime factors of 708492360?
2, 3, 5, 127, 46489
What are the prime factors of 1115691555?
3, 5, 11, 17, 397751
What are the prime factors of 1119664404?
2, 3, 17, 97, 6287
List the prime factors of 718780184.
2, 19, 41, 115337
List the prime factors of 169866799.
23, 109, 67757
List the prime factors of 449253875.
5, 7, 367, 1399
What are the prime factors of 31467202?
2, 13, 107, 11311
List the prime factors of 3080361128.
2, 13, 31, 71, 13457
What are the prime factors of 2362638301?
2362638301
What are the prime factors of 130746181?
29, 421, 10709
What are the prime factors of 745374560?
2, 5, 7, 19, 35027
What are the prime factors of 453067818?
2, 3, 7, 433, 3559
What are the prime factors of 90813981?
3, 157, 192811
What are the prime factors of 799432842?
2, 3, 13, 41, 457, 547
List the prime factors of 46240749.
3, 5137861
List the prime factors of 5493563145.
3, 5, 7, 41, 425363
List the prime factors of 1241865455.
5, 248373091
What are the prime factors of 110074379?
110074379
List the prime factors of 32775559.
281, 116639
List the prime factors of 67170064.
2, 13, 24841
List the prime factors of 232017157.
232017157
What are the prime factors of 166380335?
5, 11, 71, 137, 311
What are the prime factors of 1553706303?
3, 517902101
What are the prime factors of 104750073?
3, 17, 23, 103
List the prime factors of 5974646299.
37, 769, 209983
What are the prime factors of 405926735?
5, 19, 53, 80621
List the prime factors of 48722785.
5, 47, 207331
What are the prime factors of 177794207?
31, 43, 133379
List the prime factors of 2398101498.
2, 3, 13, 17, 37, 5431
What are the prime factors of 4524378?
2, 3, 103, 7321
What are the prime factors of 46216881?
3, 41, 251, 499
